t is the hundreds digit of d(w)?
1
Let h be 0/(3*5/(-15)). Suppose h = -2*o + 4*u + 410, -5*u - 415 = -3*o + o. What is the tens digit of o?
9
Let l(z) = z + 1. Let d be l(3). Let w(r) = 7*r**2 - 29*r - 94. Let y be w(-3). Suppose -y = d*n - 188. What is the tens digit of n?
3
Let b(c) = -2*c + 2. Let d be b(5). Suppose -18*n = -2*n. What is the tens digit of ((-14)/4 - n)*d?
2
Suppose 0 = -r + 201 + 291. Suppose r = -5*y + 9*y. What is the tens digit of y?
2
Suppose -5*c + 2193 = -3267. What is the thousands digit of c?
1
Let u(x) = -54*x**3 - x**2 - 2*x + 1. What is the tens digit of u(-4)?
4
Let v be 207*(-2)/(-15) - 8/(-20). Let m = v + -22. What is the units digit of m?
6
Let s(b) = 4*b - 63. Let n be s(23). Let x = 39 - n. What is the units digit of x?
0
Suppose 3*k = -c + 322, 0 = 5*c - k - 1218 - 456. What is the hundreds digit of c?
3
Let g(v) = 15*v + 19. Let u be g(10). Suppose -u = -2*d + 9. What is the tens digit of d?
8
What is the units digit of (-99)/(-10)*(-56)/84*-215?
9
Let t(u) = 6*u - 4 - 2*u**3 + 4*u**3 + u**3 - 3*u**2 - 2*u**3. Let q be t(5). Suppose -p = -5*p + q. What is the units digit of p?
9
Suppose 3*f - a - 1747 = 0, 11*a - 1743 = -3*f + 14*a. What is the hundreds digit of f?
5
Let g(s) = 1123*s - 3. What is the hundreds digit of g(1)?
1
Suppose -2*q = 5*d - 138, 4*d = q - 2*q + 111. Let c(t) = t**3 - 17*t**2 + t + 23. Let f be c(17). Let u = f - d. What is the tens digit of u?
1
Let w(h) be the third derivative of h**5/30 - 3*h**4/8 + 4*h**3/3 + 30*h**2. What is the units digit of w(8)?
4
Suppose 0 = -4*q + 4*w - w - 54, q = w - 14. Let h = -10 - q. Suppose 3*d = v - h*v - 6, 5*v - 50 = d. What is the units digit of v?
9
Let l(d) = 2*d**2 - 6*d + 3. Let j be l(4). Let s(z) = -z**3 + 12*z**2 - 9*z - 7. Let y be s(j). Let w(v) = v**3 - 15*v**2 + 14. What is the tens digit of w(y)?
1
Suppose 2*t - 2198 = -5*t. What is the hundreds digit of t?
3
Suppose -37*n - 41310 = -55*n. What is the units digit of n?
5
Suppose -10 = -4*q + 2*q, 4*y - 5419 = -3*q. What is the units digit of y?
1
Let r be (0*(1 + (-2 - 0)))/1. Suppose -i + 21 = -r*i. What is the units digit of i?
1
Suppose -5*j = -m + 4*m + 3, -5*j + 3*m + 3 = 0. Suppose -4*i + j*i = -192. Suppose 0 = -d + 5*t + i, -t - 9 + 4 = 0. What is the tens digit of d?
2
Let z = 23 + -19. Suppose -2*r - z*r = 0. Suppose -3*f + 4*f - 31 = r. What is the units digit of f?
1
What is the units digit of (1/(-4))/(621691/(-69076) + 9)?
7
Suppose -4*n - 3*o + 5*o + 218 = 0, 0 = -3*n - 5*o + 196. Let m = n + 5. What is the units digit of m?
2
Let v be 2/4 - (-45)/30. Suppose -3*w + 10 + 3 = 2*q, 5*w = v*q - 5. What is the units digit of q?
5
Suppose 5*t = 2*v + 27, -3*t + 0 = -5*v - 20. Suppose 0 = -4*w + t*h + 29, -w - w + 7 = -h. What is the units digit of (-3)/w - -9 - -1?
7
Suppose 4*t - 145 = -61. Suppose -539 - t = -4*v + 4*x, 0 = 4*x. What is the hundreds digit of v?
1
Let b = -67 + 264. Let o = 276 - b. What is the tens digit of o?
7
Suppose -3 = -2*d - 119. Let o = d - -121. What is the units digit of o?
3
Let t be (-2)/18*-6 + (-1599)/9. Let d = t - -328. What is the units digit of d?
1
Let l(s) = -21*s**2 + 40*s + 25. Let y(i) = -4*i**2 + 8*i + 5. Let q(v) = 2*l(v) - 11*y(v). What is the tens digit of q(-5)?
8
Suppose 367 = 2*d + 5*f, d = -f + 24 + 164. Let x = d - 26. What is the tens digit of x?
6
Let r(s) = s**2 - s + 12. Suppose -3*z - 10 = 2*v - 32, -2*z - v + 16 = 0. What is the hundreds digit of r(z)?
1
Let l = 43 + -24. Suppose 3*g = -2*g + 10. What is the tens digit of -2*g/((-4)/l)?
1
Let t(o) = 5*o**2 + 5*o + 5. What is the units digit of t(-3)?
5
Let r(q) = -q**2 - 13*q + 4. Let f be r(-13). Suppose -4*l - 96 = -4*i, -3*i + f*l + 63 = -5. What is the tens digit of i?
2
Let t be ((-576)/120)/((-1)/(-5)). Let g = t - -27. Suppose -h = -2*n + 30, -g*n + 6*n + 4*h - 67 = 0. What is the tens digit of n?
1
Suppose -3*q - 1428 = 3*i - 5289, 1282 = i - 4*q. What is the thousands digit of i?
1
Let q be (-95)/1 - (-9 + 6). What is the units digit of 1 + -4 - q - -2?
1
Suppose 4*k = 4*h + 5*k - 2072, -3*h + 1553 = k. What is the tens digit of h?
1
Let y be 2/(-11) + 4/22. Suppose -k + 62 + 14 = y. Suppose 3 = 3*r - h - k, 2*h = -r + 17. What is the units digit of r?
5
Let i(n) be the first derivative of 13*n**2/2 - 44*n + 19. What is the tens digit of i(6)?
3
Suppose 5*n - 6*n + 9 = 0. Suppose -u = -6 + n. What is the units digit of -1*-1*(4 + u)?
1
Let n be (0 + (-2 - 2))/(-2). Let d be (n/6)/(1/3). What is the units digit of 2*5/2*d?
5
Let o be 18/(-8)*(-96)/18. Suppose -3*g = 5*u - 29 - 64, g - 73 = -4*u. What is the units digit of (15/u)/(2/o)?
5
Let b(l) = -l**2 - 6*l - 4. Let j be b(-2). Let c = -21 - -37. What is the tens digit of 696/c - 2/j?
4
Suppose 5*w + 50 = 10*w. Suppose -w*p - 172 = -11*p. What is the hundreds digit of p?
1
Let p = -1015 - -1898. What is the units digit of p?
3
Let d = 53 + -54. What is the units digit of 4 + d - (-4 - 74)?
1
Let f be (-2 - 4/(-3))*3. Let y be f + (0 - -1) + 2. What is the units digit of -1*(y + (1 - 3))?
1
Suppose -48 = 4*g - 92. What is the units digit of g?
1
Let k = -23 - -30. Let c(h) = h**2 - 8*h + 4. Let g be c(k). What is the units digit of -4 - -36 - g - 4?
1
Let b = 129 - 85. Let g = 76 - b. What is the units digit of g?
2
Let w be -4 + 30/8 - 13/(-4). Suppose a + w*j - 49 = 0, -3*j = 4*a - 42 - 145. What is the tens digit of a?
4
Let q = -76 + 82. Suppose -q*u + 7*u = 93. What is the units digit of u?
3
Let t = 1153 + -896. What is the hundreds digit of t?
2
Suppose 0 = 12*n + 851 - 3767. What is the tens digit of n?
4
Suppose -4*q = -4*x - 4984, 4*q + 4*x + 1234 = 5*q. What is the units digit of q?
0
Let i be -1*(-7)/21 + (-736)/(-6). Let a = i + -7. What is the hundreds digit of a?
1
Suppose g - 3*g = 18. Let u = g - -13. What is the units digit of 18/3 - (3 - u)?
7
Let f(b) = 3*b - 26. Let w be f(-19). Let k = w + 138. What is the units digit of k?
5
Let z be (-88)/66*(-426)/(0 - -1). Suppose -10*c - 158 = -z. What is the tens digit of c?
4
Suppose -2*o + 2 = -3*x + 3, x - 3*o = -9. Let j be 5*(9/15)/x. What is the tens digit of (2 - -7) + j*3?
1
What is the tens digit of ((-1032)/(-10))/(108/360)?
4
Let f = 8253 - 4013. What is the units digit of f?
0
Let k be (9 + 265)/(((-4)/(-2))/(-2)). Let m = 418 + k. What is the tens digit of m?
4
Let z(w) = -7*w - 13. Let c(x) = 1 - 3*x - 3*x + 7*x. Let v(b) = -22*c(b) - 2*z(b). What is the units digit of v(-3)?
8
Let x = -42 - -52. Suppose p + x = 2*p - s, -s = p - 4. What is the units digit of p?
7
Let q(r) = 24*r**3 - 2*r**2 + 3*r - 2. What is the hundreds digit of q(3)?
6
Let u be (-4)/(-8) + 1*(-9)/(-2). Let o(r) = 12*r - 7. What is the units digit of o(u)?
3
Let a(d) = 6*d**2 - 31*d + 337. What is the hundreds digit of a(14)?
0
Let k be (-5)/(3*(-3)/9). Suppose -d = -5*h + 13 + 2, 12 = 4*h + k*d. Suppose -43 = -2*s + h. What is the units digit of s?
3
Suppose 17*r = -7*r + 8016. What is the tens digit of r?
3
Let h = 2090 - 824. What is the tens digit of h?
6
Suppose 12 = 8*u - 4*u, 16995 = 5*c + 5*u. What is the hundreds digit of ((-32)/(-28))/(-4) + c/28?
1
Let v(b) = 9*b**2 + 32*b - 66. What is the hundreds digit of v(15)?
4
Suppose 0*g = -y + 5*g + 18, g = 3*y - 26. Suppose v - 4*n + y*n = 232, -v - 2*n + 240 = 0. What is the units digit of v?
8
Let i(a) = -3*a**2 + 77*a + 69. What is the units digit of i(21)?
3
Let k(u) = -u**2 + 5*u + 5. Let g be k(6). Let z be ((-666)/(-45))/(g/(-5)). Suppose 4*s = -26 + z. What is the tens digit of s?
1
Let b(o) = o**2 - 7*o + 11. Suppose 20 + 4 = 3*y. Let f be b(y). Let w = f - 11. What is the units digit of w?
8
Suppose y - 3915 = -4*s, 1145 = s + 3*y + 169. What is the tens digit of s?
7
Let k(u) be the third derivative of 9*u**4/8 - 17*u**3/2 - 6*u**2. What is the tens digit of k(6)?
1
Suppose -5*u + 5*z = -3*u - 51, -9 = -u - 3*z. Suppose -u = 7*i + 66. Let a = -5 - i. What is the units digit of a?
7
Suppose -j - 2*x + 9 = -7*x, 0 = 3*j - 4*x - 16. Let f = -186 + 354. Suppose 100 = j*g - f. What is the units digit of g?
7
Suppose 3*o + 10 = -8. Let u be (21/o)/((-1)/52). Suppose -93 = -5*d + u. What is the units digit of d?
5
Let d(n) be the third derivative of n**6/360 + n**5/60 - n**4/4 + 5*n**3/6 - 6*n**2. 